
Let b(a) = 272*a + 31436. What is b(-113)?
700
Let j(f) = -45830*f - 1008252. Give j(-22).
8
Let u(h) = -6*h**3 - 86*h**2 - 256*h + 9. Give u(-9).
-279
Let l(t) = t**3 - 15*t**2 + 1349*t - 17193. Calculate l(13).
6
Let v(x) = -21687*x - 1214475. Give v(-56).
-3
Let o(k) = k**3 - 11*k**2 - 209*k - 18. Give o(-9).
243
Let d(l) = -2*l**2 + 3237*l - 836882. Give d(323).
11
Let r(c) = -c**3 - 78*c**2 + 3388*c + 1055. What is r(-109)?
74
Let c(s) = -799*s - 96502. Calculate c(-121).
177
Let q(t) = 3*t**3 + 485*t**2 - 158*t + 1144. Give q(-162).
496
Let g(l) = -l**2 - 43*l - 256. Determine g(-43).
-256
Let w(z) = z**3 + 48*z**2 + 158*z + 374. Calculate w(-45).
-661
Let h(l) = -l**2 + 158463*l + 950821. Determine h(-6).
7
Let q(z) = -z**3 + 5*z**2 + 172*z + 309. Determine q(-2).
-7
Let s(j) = -397*j**2 + 277504*j - 706. Determine s(699).
-7
Let j(u) = 6273*u - 4369. Determine j(1).
1904
Let r(f) = -2*f**3 - 5*f**2 + 3190*f + 10. Calculate r(0).
10
Let z(o) = 5*o**3 + 5438*o**2 + 73033*o + 1079. Determine z(-1074).
5
Let b(o) = o**3 - 6355*o**2 + 25402*o + 7. Determine b(4).
-1
Let d(x) = -x**3 - 64*x**2 + 276*x - 2480. Give d(-68).
-2752
Let l(x) = x**3 - 89*x**2 + 423*x + 1. Give l(5).
16
Let s(p) = p**2 + 68*p + 628. Give s(-12).
-44
Let m(a) = -a**3 - 44*a**2 + 196*a + 165. Give m(-48).
-27
Let s(c) = c**2 - 110*c - 4920. Calculate s(144).
-24
Let o(m) = 1880*m + 11860. Calculate o(-7).
-1300
Let f(i) = i**3 - 88*i**2 - 14*i - 6301. Give f(89).
374
Let c(b) = b**2 + 24841*b + 1338496. Calculate c(-54).
-2
Let f(y) = 2*y**2 - 3943*y + 1876254. Calculate f(1169).
9
Let l(f) = -17*f**2 - 275*f - 447. Calculate l(-13).
255
Let l(b) = 2*b**2 - 7*b - 843. Calculate l(-24).
477
Let r(n) = 12670*n + 1152978. What is r(-91)?
8
Let g(l) = -12601*l - 377968. Calculate g(-30).
62
Let r(y) = -y**3 + 57*y**2 - 92*y - 1000. Calculate r(55).
-10
Let r(a) = 5*a**2 - 4468*a - 65354. Give r(908).
22
Let z(h) = 7*h**2 - 373469*h - 1120423. Give z(-3).
47
Let d(h) = 616*h + 28809. Calculate d(-47).
-143
Let h(q) = 1237*q**2 + 134*q - 91. Calculate h(2).
5125
Let f(l) = -10016*l**2 - 651047*l - 456. Determine f(-65).
-1
Let r(q) = 286*q**3 + 5997*q**2 - 182*q + 146. Calculate r(-21).
-1
Let k(g) = g**3 + 4*g**2 + 30*g + 71. Calculate k(-9).
-604
Let m(x) = -x**3 - 289*x**2 + 29074*x + 733. Give m(-368).
-3
Let r(i) = -i**2 + 29*i + 1363. Give r(51).
241
Let v(w) = 3*w**3 + 30*w**2 - 71*w + 17. What is v(-12)?
5
Let g(h) = h**2 + 1528*h + 25688. Calculate g(-17).
1
Let b(x) = 775*x + 9083. Give b(-13).
-992
Let z(c) = -9*c**2 + 258*c + 431. Determine z(30).
71
Let o(p) = 62*p - 3320. Determine o(21).
-2018
Let h(u) = 7*u**2 + 519*u + 4029. What is h(-8)?
325
Let x(l) = -9*l**2 - 31743*l + 63538. Determine x(2).
16
Let q(d) = -622*d**2 - 302920*d - 2887. What is q(-487)?
35
Let d(m) = -53330*m - 3253131. What is d(-61)?
-1
Let y(i) = -6*i**2 + 628*i - 15471. What is y(65)?
-1
Let o(j) = 14*j**2 + 97*j + 96. Calculate o(-8).
216
Let z(m) = 111*m - 6877. Determine z(58).
-439
Let f(n) = 10*n**3 + 4131*n**2 + 411*n - 825. Calculate f(-413).
1
Let m(d) = -122*d**2 - 248*d + 242. Calculate m(1).
-128
Let u(v) = 99*v - 1841. Give u(18).
-59
Let u(w) = 5*w**2 + 327*w + 2482. Give u(-57).
88
Let i(f) = -5709400*f + 79931605. Give i(14).
5
Let h(q) = -q**3 + 36*q + 90. Determine h(-3).
9
Let r(j) = -j**3 + 87*j**2 + 2924*j + 1607. Calculate r(113).
25
Let z(w) = w**3 + 16*w**2 + 72*w + 917. What is z(-14)?
301
Let o(y) = 9098*y - 81337. Determine o(9).
545
Let i(t) = -69195*t - 22349981. Give i(-323).
4
Let i(f) = -275*f + 8797. What is i(32)?
-3
Let s(y) = -61598*y - 492804. Give s(-8).
-20
Let r(s) = -2*s**3 - 66*s**2 + 1960*s + 14172. Give r(23).
4
Let g(a) = 1876018*a - 20636191. Give g(11).
7
Let k(b) = -157079*b - 3298639. What is k(-21)?
20
Let y(g) = g**3 - 24081*g**2 + 216650*g - 27. Give y(9).
-9
Let z(f) = -f**3 + 69*f**2 + 261*f - 3228. Determine z(72).
12
Let g(j) = -27*j**2 - 584*j - 4995. Determine g(-9).
-1926
Let n(y) = -268*y**2 + 9*y - 7. Give n(1).
-266
Let w(i) = 7919*i + 110823. Determine w(-14).
-43
Let d(k) = -2*k**3 + 29*k**2 + 141*k + 61. Determine d(19).
-509
Let v(s) = 244*s**2 - 106*s - 112. Give v(-1).
238
Let s(o) = 17211*o + 68931. What is s(-4)?
87
Let f(s) = 993623*s - 7. Calculate f(0).
-7
Let y(j) = -2*j**3 + 12*j**2 + 14*j - 24. Calculate y(7).
-24
Let c(w) = -w**3 + 588*w**2 + 16610*w - 3059. Determine c(615).
16
Let b(o) = o**3 - o**2 - 4074*o + 16240. Calculate b(4).
-8
Let v(y) = 31926*y + 12. Calculate v(0).
12
Let l(x) = 2*x**2 - 407*x - 190301. What is l(-223)?
-82
Let n(l) = 2*l**2 - 2250*l + 15661. Give n(7).
9
Let b(o) = o**2 - 4430*o + 166882. What is b(38)?
-14
Let u(k) = -80*k**2 - 5057*k - 5057. Give u(-1).
-80
Let y(h) = 31272*h - 719253. What is y(23)?
3
Let r(o) = -4*o**3 - 71*o**2 - 208*o + 34. What is r(-4)?
-14
Let j(i) = 137*i - 1401. Give j(11).
106
Let h(d) = -d**3 + 931*d**2 + 15986*d + 123227. Determine h(948).
-13
Let t(m) = 19*m**2 - 1630*m + 2856. Calculate t(84).
0
Let f(r) = 3*r**3 - 128*r**2 + 333*r + 1267. Calculate f(5).
107
Let g(t) = t**3 - 57*t**2 + 653*t - 4258. What is g(45)?
827
Let x(m) = 187*m**2 + 11389*m - 1089. Determine x(-61).
9
Let g(u) = -16*u**2 + 355*u + 5137. Determine g(-10).
-13
Let y(h) = h**3 - 266*h**2 + 141*h + 102130. Give y(264).
-38
Let x(i) = 176969*i + 176967. Calculate x(-1).
-2
Let y(m) = 71*m**2 - 229*m - 144. Give y(7).
1732
Let j(a) = -3*a**3 + 27*a**2 - 18*a - 42. Calculate j(2).
6
Let j(v) = -2676*v - 5358. Calculate j(-2).
-6
Let j(n) = -7*n**3 - 765*n**2 - 216*n + 304. Give j(-109).
86
Let z(g) = -4*g**2 + 335*g - 1321. Calculate z(4).
-45
Let y(a) = 5*a**2 - 2408*a + 179221. Determine y(92).
5
Let s(p) = p**3 - 12*p**2 - 434*p + 5060. What is s(12)?
-148
Let w(p) = 260*p**2 + 9612*p - 291. Calculate w(-37).
5
Let v(r) = -54*r**3 - 4*r**2 - 313*r - 923. Give v(-3).
1438
Let y(n) = n**3 + 48*n**2 + 983*n + 7313. Determine y(-15).
-7
Let i(d) = 171*d**2 - 7014*d + 58. Give i(41).
-65
Let u(y) = 34*y**3 + 22*y**2 - 61*y + 168. What is u(3)?
1101
Let i(l) = 48184*l + 3661985. Give i(-76).
1
Let r(z) = 6*z**2 - 793*z + 4653. What is r(126)?
-9
Let p(f) = 83*f**2 + 1758*f - 428. Calculate p(-22).
1068
Let i(c) = -5*c**2 - 268*c + 720. Determine i(-57).
-249
Let j(z) = 164*z**2 + 3928*z - 88. Give j(-24).
104
Let p(z) = 12002*z**2 + 84013*z - 17. Give p(-7).
-10
Let q(w) = -77*w**2 + 5708*w - 443. Calculate q(74).
297
Let y(s) = -149*s**3 - 8*s**2 + 30*s - 39. Give y(3).
-4044
Let b(w) = -8571*w - 1679905. Calculate b(-196).
11
Let r(w) = -w**3 + 279*w**2 + 1952*w + 41. What is r(-7)?
391
Let w(h) = -38*h**2 - 3728*h + 3360. Give w(-99).
-6
Let q(h) = -7427*h + 14763. Calculate q(2).
-91
Let n(u) = 7*u**3 + 332*u**2 - 914*u - 244. What is n(3)?
191
Let n(v) = 27*v**3 + 2074*v**2 - 390*v - 375. Give n(-77).
10
Let f(o) = o**2 - 455*o - 15063. Give f(-31).
3
Let u(g) = g**2 - 2118*g + 131468. Calculate u(64).
12
Let c(v) = -2*v**3 - 59*v**2 - 43*v - 1883. Determine c(-29).
-1477
Let y(k) = -44*k**2 + 1514*k - 33. Calculate y(33).
2013
Let s(o) = 14*o**2 - 489*o - 2995. Determine s(-6).
443
Let z(s) = -s**2 - 48688*s - 486896. Calculate z(-10).
-116
Let a(c) = -1243*c - 4902. What is a(-4)?
70
Let l(x) = 61*x**2 - 3544*x + 75. What is l(58)?
-273
Let v(g) = 29210*g - 642643. Calculate v(22).
-23
Let s(x) = 787*x**2 - 61386*x - 90. Calculate s(78).
-90
Let y(l) = l**3 + 150*l**2 - 234*l - 12490. Give y(-151).
43
Let s(w) = 1213*w + 42445. Calculate s(-35).
-10
Let o(j) = 893*j - 1785. Determine o(2).
1
Let p(y) = 17*y**3 + 85*y**2 + 71*y + 359. Calculate p(-5).
4
Let o(y) = -2*y**3 - 27*y**2 + 155*y - 46. Give o(4).
14
Let c(v) = -4*v**2 + 1362*v + 52462. Determine c(-35).
-108
Let a(h) = 71*h**2 - 396*h - 1480. Calculate a(-3).
347
Let s(y) = 3*y**2 - 2251*y + 85237. Calculate s(40).
-3
Let x(o) = o**2 - 129*o + 3623. Calculate x(87).
-31
Let c(b) = 7250*b - 14509. What is c(2)?
-9
Let t(a) = 2*a**2 - 154*a + 45. Determine t(73).
-539
Let r(l) = 3*l**2 + 1540*l + 179402. What is r(-179)?
-135
Let a(b) = -131*b**2 + 5002*b - 9997. Determine a(2).
-517
Let z(q) = 2219*q + 264067. What is z(-119)?
6
Let d(v) = 3*v**3 + 33*v**2 + 207*v + 1143. Give d(-8).
63
Let k(s) = 7145*s + 4701